{"id":3720,"date":"2022-03-17T20:38:34","date_gmt":"2022-03-17T19:38:34","guid":{"rendered":"http:\/\/vspoechlarn.ac.at\/wordpress\/?page_id=3720"},"modified":"2022-05-04T19:38:27","modified_gmt":"2022-05-04T17:38:27","slug":"2021-22","status":"publish","type":"page","link":"https:\/\/vspoechlarn.ac.at\/wordpress\/2021-22\/","title":{"rendered":"2021-22"},"content":{"rendered":"<h1>1a<\/h1>\n<p>Klassenlehrerin: VOL Elisabeth Atzm\u00fcller<\/p>\n<p>Lehrerin: vVLMichelle Eder<\/p>\n<p>15 Sch\u00fclerInnen<\/p>\n<div id=\"gallery_3720_1\" class=\"row\">\r\n\t    \t<div id=\"3720-image-3725\" class=\"col-xs-12 col-sm-4 col-md-4\">\r\n        \t\t\t\t\t\r\n\t\t\t<div class=\"thumbnail\">\r\n        \t\t\t\t\t\r\n\t\t\t\t<a href='https:\/\/vspoechlarn.ac.at\/wordpress\/2021-22\/1a-3\/'><img loading=\"lazy\" decoding=\"async\" width=\"900\" height=\"678\" src=\"https:\/\/vspoechlarn.ac.at\/wordpress\/wp-content\/uploads\/2022\/03\/1a.jpg\" class=\"attachment-large size-large\" alt=\"\" srcset=\"https:\/\/vspoechlarn.ac.at\/wordpress\/wp-content\/uploads\/2022\/03\/1a.jpg 1019w, https:\/\/vspoechlarn.ac.at\/wordpress\/wp-content\/uploads\/2022\/03\/1a-350x264.jpg 350w\" sizes=\"auto, (max-width: 900px) 100vw, 900px\" \/><\/a>            <\/div>\r\n        <\/div>\r\n    \r\n<\/div>\n<hr \/>\n<h1>1b<\/h1>\n<p>Klassenlehrerin: vVL Beatrix Schersch<\/p>\n<p>Lehrerin: vVL Michelle Eder<\/p>\n<p>19 Sch\u00fclerInnen<\/p>\n<div id=\"gallery_3720_2\" class=\"row\">\r\n\t    \t<div id=\"3720-image-3726\" class=\"col-xs-12 col-sm-4 col-md-4\">\r\n        \t\t\t\t\t\r\n\t\t\t<div class=\"thumbnail\">\r\n        \t\t\t\t\t\r\n\t\t\t\t<a href='https:\/\/vspoechlarn.ac.at\/wordpress\/2021-22\/1b-3\/'><img loading=\"lazy\" decoding=\"async\" width=\"900\" height=\"678\" src=\"https:\/\/vspoechlarn.ac.at\/wordpress\/wp-content\/uploads\/2022\/03\/1b.jpg\" class=\"attachment-large size-large\" alt=\"\" srcset=\"https:\/\/vspoechlarn.ac.at\/wordpress\/wp-content\/uploads\/2022\/03\/1b.jpg 1020w, https:\/\/vspoechlarn.ac.at\/wordpress\/wp-content\/uploads\/2022\/03\/1b-350x264.jpg 350w\" sizes=\"auto, (max-width: 900px) 100vw, 900px\" \/><\/a>            <\/div>\r\n        <\/div>\r\n    \r\n<\/div>\n<hr \/>\n<h1>2a<\/h1>\n<p>Klassenlehrerin: vOL Doris Langer<\/p>\n<p>13 Sch\u00fclerInnen<\/p>\n<div id=\"gallery_3720_3\" class=\"row\">\r\n\t    \t<div id=\"3720-image-3727\" class=\"col-xs-12 col-sm-4 col-md-4\">\r\n        \t\t\t\t\t\r\n\t\t\t<div class=\"thumbnail\">\r\n        \t\t\t\t\t\r\n\t\t\t\t<a href='https:\/\/vspoechlarn.ac.at\/wordpress\/2021-22\/2a-3\/'><img loading=\"lazy\" decoding=\"async\" width=\"900\" height=\"678\" src=\"https:\/\/vspoechlarn.ac.at\/wordpress\/wp-content\/uploads\/2022\/03\/2a.jpg\" class=\"attachment-large size-large\" alt=\"\" srcset=\"https:\/\/vspoechlarn.ac.at\/wordpress\/wp-content\/uploads\/2022\/03\/2a.jpg 1020w, https:\/\/vspoechlarn.ac.at\/wordpress\/wp-content\/uploads\/2022\/03\/2a-350x264.jpg 350w\" sizes=\"auto, (max-width: 900px) 100vw, 900px\" \/><\/a>            <\/div>\r\n        <\/div>\r\n    \r\n<\/div>\n<hr \/>\n<h1>2b<\/h1>\n<p>Klassenlehrerin: vVL Nina Ess<\/p>\n<p>14 Sch\u00fclerInnen<\/p>\n<div id=\"gallery_3720_4\" class=\"row\">\r\n\t    \t<div id=\"3720-image-3728\" class=\"col-xs-12 col-sm-4 col-md-4\">\r\n        \t\t\t\t\t\r\n\t\t\t<div class=\"thumbnail\">\r\n        \t\t\t\t\t\r\n\t\t\t\t<a href='https:\/\/vspoechlarn.ac.at\/wordpress\/2021-22\/2b-3\/'><img loading=\"lazy\" decoding=\"async\" width=\"900\" height=\"678\" src=\"https:\/\/vspoechlarn.ac.at\/wordpress\/wp-content\/uploads\/2022\/03\/2b.jpg\" class=\"attachment-large size-large\" alt=\"\" srcset=\"https:\/\/vspoechlarn.ac.at\/wordpress\/wp-content\/uploads\/2022\/03\/2b.jpg 1020w, https:\/\/vspoechlarn.ac.at\/wordpress\/wp-content\/uploads\/2022\/03\/2b-350x264.jpg 350w\" sizes=\"auto, (max-width: 900px) 100vw, 900px\" \/><\/a>            <\/div>\r\n        <\/div>\r\n    \r\n<\/div>\n<hr \/>\n<h1>3a<\/h1>\n<p>Klassenlehrerin: vOL Regina Eder<\/p>\n<p>Religionslehrerin: Therese Metzinger<\/p>\n<p>19 Sch\u00fclerInnen<\/p>\n<div id=\"gallery_3720_5\" class=\"row\">\r\n\t    \t<div id=\"3720-image-3729\" class=\"col-xs-12 col-sm-4 col-md-4\">\r\n        \t\t\t\t\t\r\n\t\t\t<div class=\"thumbnail\">\r\n        \t\t\t\t\t\r\n\t\t\t\t<a href='https:\/\/vspoechlarn.ac.at\/wordpress\/2021-22\/3a-3\/'><img loading=\"lazy\" decoding=\"async\" width=\"900\" height=\"677\" src=\"https:\/\/vspoechlarn.ac.at\/wordpress\/wp-content\/uploads\/2022\/03\/3a.jpg\" class=\"attachment-large size-large\" alt=\"\" srcset=\"https:\/\/vspoechlarn.ac.at\/wordpress\/wp-content\/uploads\/2022\/03\/3a.jpg 1021w, https:\/\/vspoechlarn.ac.at\/wordpress\/wp-content\/uploads\/2022\/03\/3a-350x263.jpg 350w\" sizes=\"auto, (max-width: 900px) 100vw, 900px\" \/><\/a>            <\/div>\r\n        <\/div>\r\n    \r\n<\/div>\n<hr \/>\n<h1>3b<\/h1>\n<p>Klassenlehrerin: vVL Christina Crepaz<\/p>\n<p>17 Sch\u00fclerInnen<\/p>\n<div id=\"gallery_3720_6\" class=\"row\">\r\n\t    \t<div id=\"3720-image-3730\" class=\"col-xs-12 col-sm-4 col-md-4\">\r\n        \t\t\t\t\t\r\n\t\t\t<div class=\"thumbnail\">\r\n        \t\t\t\t\t\r\n\t\t\t\t<a href='https:\/\/vspoechlarn.ac.at\/wordpress\/2021-22\/3b-3\/'><img loading=\"lazy\" decoding=\"async\" width=\"900\" height=\"677\" src=\"https:\/\/vspoechlarn.ac.at\/wordpress\/wp-content\/uploads\/2022\/03\/3b.jpg\" class=\"attachment-large size-large\" alt=\"\" srcset=\"https:\/\/vspoechlarn.ac.at\/wordpress\/wp-content\/uploads\/2022\/03\/3b.jpg 1021w, https:\/\/vspoechlarn.ac.at\/wordpress\/wp-content\/uploads\/2022\/03\/3b-350x263.jpg 350w\" sizes=\"auto, (max-width: 900px) 100vw, 900px\" \/><\/a>            <\/div>\r\n        <\/div>\r\n    \r\n<\/div>\n<hr \/>\n<h1>4a<\/h1>\n<p>Klassenlehrerin: vOL Birgit Rausch<\/p>\n<p>25 Sch\u00fclerInnen<\/p>\n<div id=\"gallery_3720_7\" class=\"row\">\r\n\t    \t<div id=\"3720-image-3731\" class=\"col-xs-12 col-sm-4 col-md-4\">\r\n        \t\t\t\t\t\r\n\t\t\t<div class=\"thumbnail\">\r\n        \t\t\t\t\t\r\n\t\t\t\t<a href='https:\/\/vspoechlarn.ac.at\/wordpress\/2021-22\/4a-3\/'><img loading=\"lazy\" decoding=\"async\" width=\"900\" height=\"678\" src=\"https:\/\/vspoechlarn.ac.at\/wordpress\/wp-content\/uploads\/2022\/03\/4a.jpg\" class=\"attachment-large size-large\" alt=\"\" srcset=\"https:\/\/vspoechlarn.ac.at\/wordpress\/wp-content\/uploads\/2022\/03\/4a.jpg 1020w, https:\/\/vspoechlarn.ac.at\/wordpress\/wp-content\/uploads\/2022\/03\/4a-350x264.jpg 350w\" sizes=\"auto, (max-width: 900px) 100vw, 900px\" \/><\/a>            <\/div>\r\n        <\/div>\r\n    \r\n<\/div>\n<hr \/>\n<h1>4b<\/h1>\n<p>Klassenlehrerin: vVL Maria Steinberger<\/p>\n<p>Lehrerin: vHL Nicole Krahofer<\/p>\n<p>26 Sch\u00fclerInnen<\/p>\n<div id=\"gallery_3720_8\" class=\"row\">\r\n\t    \t<div id=\"3720-image-3732\" class=\"col-xs-12 col-sm-4 col-md-4\">\r\n        \t\t\t\t\t\r\n\t\t\t<div class=\"thumbnail\">\r\n        \t\t\t\t\t\r\n\t\t\t\t<a href='https:\/\/vspoechlarn.ac.at\/wordpress\/2021-22\/4b-3\/'><img loading=\"lazy\" decoding=\"async\" width=\"900\" height=\"678\" src=\"https:\/\/vspoechlarn.ac.at\/wordpress\/wp-content\/uploads\/2022\/03\/4b.jpg\" class=\"attachment-large size-large\" alt=\"\" srcset=\"https:\/\/vspoechlarn.ac.at\/wordpress\/wp-content\/uploads\/2022\/03\/4b.jpg 1020w, https:\/\/vspoechlarn.ac.at\/wordpress\/wp-content\/uploads\/2022\/03\/4b-350x264.jpg 350w\" sizes=\"auto, (max-width: 900px) 100vw, 900px\" \/><\/a>            <\/div>\r\n        <\/div>\r\n    \r\n<\/div>\n","protected":false},"excerpt":{"rendered":"<p>1a Klassenlehrerin: VOL Elisabeth Atzm\u00fcller Lehrerin: vVLMichelle Eder 15 Sch\u00fclerInnen 1b Klassenlehrerin: vVL Beatrix Schersch Lehrerin: vVL Michelle Eder 19 Sch\u00fclerInnen 2a Klassenlehrerin: vOL Doris Langer 13 Sch\u00fclerInnen 2b Klassenlehrerin: [&hellip;]<\/p>\n","protected":false},"author":1,"featured_media":0,"parent":0,"menu_order":0,"comment_status":"closed","ping_status":"closed","template":"","meta":{"footnotes":""},"class_list":["post-3720","page","type-page","status-publish","hentry"],"_links":{"self":[{"href":"https:\/\/vspoechlarn.ac.at\/wordpress\/wp-json\/wp\/v2\/pages\/3720","targetHints":{"allow":["GET"]}}],"collection":[{"href":"https:\/\/vspoechlarn.ac.at\/wordpress\/wp-json\/wp\/v2\/pages"}],"about":[{"href":"https:\/\/vspoechlarn.ac.at\/wordpress\/wp-json\/wp\/v2\/types\/page"}],"author":[{"embeddable":true,"href":"https:\/\/vspoechlarn.ac.at\/wordpress\/wp-json\/wp\/v2\/users\/1"}],"replies":[{"embeddable":true,"href":"https:\/\/vspoechlarn.ac.at\/wordpress\/wp-json\/wp\/v2\/comments?post=3720"}],"version-history":[{"count":9,"href":"https:\/\/vspoechlarn.ac.at\/wordpress\/wp-json\/wp\/v2\/pages\/3720\/revisions"}],"predecessor-version":[{"id":3794,"href":"https:\/\/vspoechlarn.ac.at\/wordpress\/wp-json\/wp\/v2\/pages\/3720\/revisions\/3794"}],"wp:attachment":[{"href":"https:\/\/vspoechlarn.ac.at\/wordpress\/wp-json\/wp\/v2\/media?parent=3720"}],"curies":[{"name":"wp","href":"https:\/\/api.w.org\/{rel}","templated":true}]}}