{"id":2511,"date":"2019-08-27T13:05:52","date_gmt":"2019-08-27T11:05:52","guid":{"rendered":"http:\/\/vspoechlarn.ac.at\/wordpress\/?page_id=2511"},"modified":"2019-12-02T12:25:50","modified_gmt":"2019-12-02T11:25:50","slug":"2019-20","status":"publish","type":"page","link":"https:\/\/vspoechlarn.ac.at\/wordpress\/2019-20\/","title":{"rendered":"2019-20"},"content":{"rendered":"<h1>1 a<\/h1>\n<p>Klassenlehrerin: VOL Elisabeth Atzm\u00fcller<\/p>\n<p>Lehrerin: vVL Christina Crepaz (integrative Vorschulgruppe)<\/p>\n<p>20 Sch\u00fclerInnen<\/p>\n<div id=\"gallery_2511_1\" class=\"row\">\r\n\t    \t<div id=\"2511-image-2732\" class=\"col-xs-12 col-sm-4 col-md-4\">\r\n        \t\t\t\t\t\r\n\t\t\t<div class=\"thumbnail\">\r\n        \t\t\t\t\t\r\n\t\t\t\t<a href='https:\/\/vspoechlarn.ac.at\/wordpress\/pk12b005\/'><img loading=\"lazy\" decoding=\"async\" width=\"900\" height=\"677\" src=\"https:\/\/vspoechlarn.ac.at\/wordpress\/wp-content\/uploads\/2019\/12\/PK12B005-1024x770.jpg\" class=\"attachment-large size-large\" alt=\"\" srcset=\"https:\/\/vspoechlarn.ac.at\/wordpress\/wp-content\/uploads\/2019\/12\/PK12B005-1024x770.jpg 1024w, https:\/\/vspoechlarn.ac.at\/wordpress\/wp-content\/uploads\/2019\/12\/PK12B005-350x263.jpg 350w, https:\/\/vspoechlarn.ac.at\/wordpress\/wp-content\/uploads\/2019\/12\/PK12B005-1536x1155.jpg 1536w, https:\/\/vspoechlarn.ac.at\/wordpress\/wp-content\/uploads\/2019\/12\/PK12B005-2048x1540.jpg 2048w, https:\/\/vspoechlarn.ac.at\/wordpress\/wp-content\/uploads\/2019\/12\/PK12B005-scaled.jpg 1436w\" sizes=\"auto, (max-width: 900px) 100vw, 900px\" \/><\/a>            <\/div>\r\n        <\/div>\r\n    \r\n<\/div>\n<hr \/>\n<h1>1b<\/h1>\n<p>Klassenlehrerin: vVL Beatrix Haberhauer<\/p>\n<p>Lehrerin: vVL Christina Crepaz (integrative Vorschulgruppe)<\/p>\n<p>20 Sch\u00fclerInnen<\/p>\n<div id=\"gallery_2511_2\" class=\"row\">\r\n\t    \t<div id=\"2511-image-2731\" class=\"col-xs-12 col-sm-4 col-md-4\">\r\n        \t\t\t\t\t\r\n\t\t\t<div class=\"thumbnail\">\r\n        \t\t\t\t\t\r\n\t\t\t\t<a href='https:\/\/vspoechlarn.ac.at\/wordpress\/pk11b005\/'><img loading=\"lazy\" decoding=\"async\" width=\"900\" height=\"678\" src=\"https:\/\/vspoechlarn.ac.at\/wordpress\/wp-content\/uploads\/2019\/12\/PK11B005-1024x771.jpg\" class=\"attachment-large size-large\" alt=\"\" srcset=\"https:\/\/vspoechlarn.ac.at\/wordpress\/wp-content\/uploads\/2019\/12\/PK11B005-1024x771.jpg 1024w, https:\/\/vspoechlarn.ac.at\/wordpress\/wp-content\/uploads\/2019\/12\/PK11B005-350x263.jpg 350w, https:\/\/vspoechlarn.ac.at\/wordpress\/wp-content\/uploads\/2019\/12\/PK11B005-1536x1156.jpg 1536w, https:\/\/vspoechlarn.ac.at\/wordpress\/wp-content\/uploads\/2019\/12\/PK11B005-2048x1542.jpg 2048w, https:\/\/vspoechlarn.ac.at\/wordpress\/wp-content\/uploads\/2019\/12\/PK11B005-scaled.jpg 1435w\" sizes=\"auto, (max-width: 900px) 100vw, 900px\" \/><\/a>            <\/div>\r\n        <\/div>\r\n    \r\n<\/div>\n<hr \/>\n<h1>2a<\/h1>\n<p>Klassenlehrerin: vOL Doris Langer<\/p>\n<p>24 Sch\u00fclerInnen<\/p>\n<div id=\"gallery_2511_3\" class=\"row\">\r\n\t    \t<div id=\"2511-image-2739\" class=\"col-xs-12 col-sm-4 col-md-4\">\r\n        \t\t\t\t\t\r\n\t\t\t<div class=\"thumbnail\">\r\n        \t\t\t\t\t\r\n\t\t\t\t<a href='https:\/\/vspoechlarn.ac.at\/wordpress\/pk15b006\/'><img loading=\"lazy\" decoding=\"async\" width=\"900\" height=\"678\" src=\"https:\/\/vspoechlarn.ac.at\/wordpress\/wp-content\/uploads\/2019\/12\/PK15B006-1024x771.jpg\" class=\"attachment-large size-large\" alt=\"\" srcset=\"https:\/\/vspoechlarn.ac.at\/wordpress\/wp-content\/uploads\/2019\/12\/PK15B006-1024x771.jpg 1024w, https:\/\/vspoechlarn.ac.at\/wordpress\/wp-content\/uploads\/2019\/12\/PK15B006-350x264.jpg 350w, https:\/\/vspoechlarn.ac.at\/wordpress\/wp-content\/uploads\/2019\/12\/PK15B006-1536x1156.jpg 1536w, https:\/\/vspoechlarn.ac.at\/wordpress\/wp-content\/uploads\/2019\/12\/PK15B006-2048x1542.jpg 2048w, https:\/\/vspoechlarn.ac.at\/wordpress\/wp-content\/uploads\/2019\/12\/PK15B006-scaled.jpg 1435w\" sizes=\"auto, (max-width: 900px) 100vw, 900px\" \/><\/a>            <\/div>\r\n        <\/div>\r\n    \r\n<\/div>\n<hr \/>\n<h1>2b<\/h1>\n<p>Klassenlehrerin: vVL Nina Ess<\/p>\n<p>23 Sch\u00fclerInnen<\/p>\n<div id=\"gallery_2511_4\" class=\"row\">\r\n\t    \t<div id=\"2511-image-2742\" class=\"col-xs-12 col-sm-4 col-md-4\">\r\n        \t\t\t\t\t\r\n\t\t\t<div class=\"thumbnail\">\r\n        \t\t\t\t\t\r\n\t\t\t\t<a href='https:\/\/vspoechlarn.ac.at\/wordpress\/pk14b017\/'><img loading=\"lazy\" decoding=\"async\" width=\"900\" height=\"677\" src=\"https:\/\/vspoechlarn.ac.at\/wordpress\/wp-content\/uploads\/2019\/12\/PK14B017-1024x770.jpg\" class=\"attachment-large size-large\" alt=\"\" srcset=\"https:\/\/vspoechlarn.ac.at\/wordpress\/wp-content\/uploads\/2019\/12\/PK14B017-1024x770.jpg 1024w, https:\/\/vspoechlarn.ac.at\/wordpress\/wp-content\/uploads\/2019\/12\/PK14B017-350x263.jpg 350w, https:\/\/vspoechlarn.ac.at\/wordpress\/wp-content\/uploads\/2019\/12\/PK14B017-1536x1155.jpg 1536w, https:\/\/vspoechlarn.ac.at\/wordpress\/wp-content\/uploads\/2019\/12\/PK14B017-2048x1540.jpg 2048w, https:\/\/vspoechlarn.ac.at\/wordpress\/wp-content\/uploads\/2019\/12\/PK14B017-scaled.jpg 1436w\" sizes=\"auto, (max-width: 900px) 100vw, 900px\" \/><\/a>            <\/div>\r\n        <\/div>\r\n    \r\n<\/div>\n<hr \/>\n<h1>3a<\/h1>\n<p>Klassenlehrerin: vVL Erna Mayrhofer<\/p>\n<p>Integrationslehrerin: vSL Brigitte K\u00f6ck<\/p>\n<p>20 Sch\u00fclerInnen<\/p>\n<div id=\"gallery_2511_5\" class=\"row\">\r\n\t    \t<div id=\"2511-image-2738\" class=\"col-xs-12 col-sm-4 col-md-4\">\r\n        \t\t\t\t\t\r\n\t\t\t<div class=\"thumbnail\">\r\n        \t\t\t\t\t\r\n\t\t\t\t<a href='https:\/\/vspoechlarn.ac.at\/wordpress\/pk13b005\/'><img loading=\"lazy\" decoding=\"async\" width=\"900\" height=\"678\" src=\"https:\/\/vspoechlarn.ac.at\/wordpress\/wp-content\/uploads\/2019\/12\/PK13B005-1024x771.jpg\" class=\"attachment-large size-large\" alt=\"\" srcset=\"https:\/\/vspoechlarn.ac.at\/wordpress\/wp-content\/uploads\/2019\/12\/PK13B005-1024x771.jpg 1024w, https:\/\/vspoechlarn.ac.at\/wordpress\/wp-content\/uploads\/2019\/12\/PK13B005-350x264.jpg 350w, https:\/\/vspoechlarn.ac.at\/wordpress\/wp-content\/uploads\/2019\/12\/PK13B005-1536x1156.jpg 1536w, https:\/\/vspoechlarn.ac.at\/wordpress\/wp-content\/uploads\/2019\/12\/PK13B005-2048x1542.jpg 2048w, https:\/\/vspoechlarn.ac.at\/wordpress\/wp-content\/uploads\/2019\/12\/PK13B005-scaled.jpg 1435w\" sizes=\"auto, (max-width: 900px) 100vw, 900px\" \/><\/a>            <\/div>\r\n        <\/div>\r\n    \r\n<\/div>\n<hr \/>\n<h1>3b<\/h1>\n<p>Klassenlehrerin: vOL Regina Eder<\/p>\n<p>18 Sch\u00fclerInnen<\/p>\n<div id=\"gallery_2511_6\" class=\"row\">\r\n\t    \t<div id=\"2511-image-2729\" class=\"col-xs-12 col-sm-4 col-md-4\">\r\n        \t\t\t\t\t\r\n\t\t\t<div class=\"thumbnail\">\r\n        \t\t\t\t\t\r\n\t\t\t\t<a href='https:\/\/vspoechlarn.ac.at\/wordpress\/2019-20\/pk09b009\/'><img loading=\"lazy\" decoding=\"async\" width=\"900\" height=\"678\" src=\"https:\/\/vspoechlarn.ac.at\/wordpress\/wp-content\/uploads\/2019\/12\/PK09B009-1024x771.jpg\" class=\"attachment-large size-large\" alt=\"\" srcset=\"https:\/\/vspoechlarn.ac.at\/wordpress\/wp-content\/uploads\/2019\/12\/PK09B009-1024x771.jpg 1024w, https:\/\/vspoechlarn.ac.at\/wordpress\/wp-content\/uploads\/2019\/12\/PK09B009-350x263.jpg 350w, https:\/\/vspoechlarn.ac.at\/wordpress\/wp-content\/uploads\/2019\/12\/PK09B009-1536x1156.jpg 1536w, https:\/\/vspoechlarn.ac.at\/wordpress\/wp-content\/uploads\/2019\/12\/PK09B009-2048x1541.jpg 2048w, https:\/\/vspoechlarn.ac.at\/wordpress\/wp-content\/uploads\/2019\/12\/PK09B009-scaled.jpg 1436w\" sizes=\"auto, (max-width: 900px) 100vw, 900px\" \/><\/a>            <\/div>\r\n        <\/div>\r\n    \r\n<\/div>\n<hr \/>\n<h1>4ab<\/h1>\n<p>Klassenlehrerinnen: vOL Birgit Rausch und vVL Maria Steinberger<\/p>\n<p>28 Sch\u00fclerInnen<\/p>\n<div id=\"gallery_2511_7\" class=\"row\">\r\n\t    \t<div id=\"2511-image-2730\" class=\"col-xs-12 col-sm-4 col-md-4\">\r\n        \t\t\t\t\t\r\n\t\t\t<div class=\"thumbnail\">\r\n        \t\t\t\t\t\r\n\t\t\t\t<a href='https:\/\/vspoechlarn.ac.at\/wordpress\/pk10b005\/'><img loading=\"lazy\" decoding=\"async\" width=\"900\" height=\"677\" src=\"https:\/\/vspoechlarn.ac.at\/wordpress\/wp-content\/uploads\/2019\/12\/PK10B005-1024x770.jpg\" class=\"attachment-large size-large\" alt=\"\" srcset=\"https:\/\/vspoechlarn.ac.at\/wordpress\/wp-content\/uploads\/2019\/12\/PK10B005-1024x770.jpg 1024w, https:\/\/vspoechlarn.ac.at\/wordpress\/wp-content\/uploads\/2019\/12\/PK10B005-350x263.jpg 350w, https:\/\/vspoechlarn.ac.at\/wordpress\/wp-content\/uploads\/2019\/12\/PK10B005-1536x1155.jpg 1536w, https:\/\/vspoechlarn.ac.at\/wordpress\/wp-content\/uploads\/2019\/12\/PK10B005-2048x1540.jpg 2048w, https:\/\/vspoechlarn.ac.at\/wordpress\/wp-content\/uploads\/2019\/12\/PK10B005-scaled.jpg 1436w\" sizes=\"auto, (max-width: 900px) 100vw, 900px\" \/><\/a>            <\/div>\r\n        <\/div>\r\n    \r\n<\/div>\n","protected":false},"excerpt":{"rendered":"<p>1 a Klassenlehrerin: VOL Elisabeth Atzm\u00fcller Lehrerin: vVL Christina Crepaz (integrative Vorschulgruppe) 20 Sch\u00fclerInnen 1b Klassenlehrerin: vVL Beatrix Haberhauer Lehrerin: vVL Christina Crepaz (integrative Vorschulgruppe) 20 Sch\u00fclerInnen 2a Klassenlehrerin: vOL [&hellip;]<\/p>\n","protected":false},"author":1,"featured_media":0,"parent":0,"menu_order":0,"comment_status":"closed","ping_status":"closed","template":"","meta":{"footnotes":""},"class_list":["post-2511","page","type-page","status-publish","hentry"],"_links":{"self":[{"href":"https:\/\/vspoechlarn.ac.at\/wordpress\/wp-json\/wp\/v2\/pages\/2511","targetHints":{"allow":["GET"]}}],"collection":[{"href":"https:\/\/vspoechlarn.ac.at\/wordpress\/wp-json\/wp\/v2\/pages"}],"about":[{"href":"https:\/\/vspoechlarn.ac.at\/wordpress\/wp-json\/wp\/v2\/types\/page"}],"author":[{"embeddable":true,"href":"https:\/\/vspoechlarn.ac.at\/wordpress\/wp-json\/wp\/v2\/users\/1"}],"replies":[{"embeddable":true,"href":"https:\/\/vspoechlarn.ac.at\/wordpress\/wp-json\/wp\/v2\/comments?post=2511"}],"version-history":[{"count":8,"href":"https:\/\/vspoechlarn.ac.at\/wordpress\/wp-json\/wp\/v2\/pages\/2511\/revisions"}],"predecessor-version":[{"id":2743,"href":"https:\/\/vspoechlarn.ac.at\/wordpress\/wp-json\/wp\/v2\/pages\/2511\/revisions\/2743"}],"wp:attachment":[{"href":"https:\/\/vspoechlarn.ac.at\/wordpress\/wp-json\/wp\/v2\/media?parent=2511"}],"curies":[{"name":"wp","href":"https:\/\/api.w.org\/{rel}","templated":true}]}}

<h1>1 a</h1>
<p>Klassenlehrerin: VOL Elisabeth Atzmüller</p>
<p>Lehrerin: vVL Christina Crepaz (integrative Vorschulgruppe)</p>
<p>20 SchülerInnen</p>
<div id="gallery_2511_1" class="row">
	    	<div id="2511-image-2732" class="col-xs-12 col-sm-4 col-md-4">
        					
			<div class="thumbnail">
        					
				<a href='https://vspoechlarn.ac.at/wordpress/pk12b005/'><img loading="lazy" decoding="async" width="900" height="677" src="https://vspoechlarn.ac.at/wordpress/wp-content/uploads/2019/12/PK12B005-1024x770.jpg" class="attachment-large size-large" alt="" srcset="https://vspoechlarn.ac.at/wordpress/wp-content/uploads/2019/12/PK12B005-1024x770.jpg 1024w, https://vspoechlarn.ac.at/wordpress/wp-content/uploads/2019/12/PK12B005-350x263.jpg 350w, https://vspoechlarn.ac.at/wordpress/wp-content/uploads/2019/12/PK12B005-1536x1155.jpg 1536w, https://vspoechlarn.ac.at/wordpress/wp-content/uploads/2019/12/PK12B005-2048x1540.jpg 2048w, https://vspoechlarn.ac.at/wordpress/wp-content/uploads/2019/12/PK12B005-scaled.jpg 1436w" sizes="auto, (max-width: 900px) 100vw, 900px" /></a>            </div>
        </div>
    
</div>
<hr />
<h1>1b</h1>
<p>Klassenlehrerin: vVL Beatrix Haberhauer</p>
<p>Lehrerin: vVL Christina Crepaz (integrative Vorschulgruppe)</p>
<p>20 SchülerInnen</p>
<div id="gallery_2511_2" class="row">
	    	<div id="2511-image-2731" class="col-xs-12 col-sm-4 col-md-4">
        					
			<div class="thumbnail">
        					
				<a href='https://vspoechlarn.ac.at/wordpress/pk11b005/'><img loading="lazy" decoding="async" width="900" height="678" src="https://vspoechlarn.ac.at/wordpress/wp-content/uploads/2019/12/PK11B005-1024x771.jpg" class="attachment-large size-large" alt="" srcset="https://vspoechlarn.ac.at/wordpress/wp-content/uploads/2019/12/PK11B005-1024x771.jpg 1024w, https://vspoechlarn.ac.at/wordpress/wp-content/uploads/2019/12/PK11B005-350x263.jpg 350w, https://vspoechlarn.ac.at/wordpress/wp-content/uploads/2019/12/PK11B005-1536x1156.jpg 1536w, https://vspoechlarn.ac.at/wordpress/wp-content/uploads/2019/12/PK11B005-2048x1542.jpg 2048w, https://vspoechlarn.ac.at/wordpress/wp-content/uploads/2019/12/PK11B005-scaled.jpg 1435w" sizes="auto, (max-width: 900px) 100vw, 900px" /></a>            </div>
        </div>
    
</div>
<hr />
<h1>2a</h1>
<p>Klassenlehrerin: vOL Doris Langer</p>
<p>24 SchülerInnen</p>
<div id="gallery_2511_3" class="row">
	    	<div id="2511-image-2739" class="col-xs-12 col-sm-4 col-md-4">
        					
			<div class="thumbnail">
        					
				<a href='https://vspoechlarn.ac.at/wordpress/pk15b006/'><img loading="lazy" decoding="async" width="900" height="678" src="https://vspoechlarn.ac.at/wordpress/wp-content/uploads/2019/12/PK15B006-1024x771.jpg" class="attachment-large size-large" alt="" srcset="https://vspoechlarn.ac.at/wordpress/wp-content/uploads/2019/12/PK15B006-1024x771.jpg 1024w, https://vspoechlarn.ac.at/wordpress/wp-content/uploads/2019/12/PK15B006-350x264.jpg 350w, https://vspoechlarn.ac.at/wordpress/wp-content/uploads/2019/12/PK15B006-1536x1156.jpg 1536w, https://vspoechlarn.ac.at/wordpress/wp-content/uploads/2019/12/PK15B006-2048x1542.jpg 2048w, https://vspoechlarn.ac.at/wordpress/wp-content/uploads/2019/12/PK15B006-scaled.jpg 1435w" sizes="auto, (max-width: 900px) 100vw, 900px" /></a>            </div>
        </div>
    
</div>
<hr />
<h1>2b</h1>
<p>Klassenlehrerin: vVL Nina Ess</p>
<p>23 SchülerInnen</p>
<div id="gallery_2511_4" class="row">
	    	<div id="2511-image-2742" class="col-xs-12 col-sm-4 col-md-4">
        					
			<div class="thumbnail">
        					
				<a href='https://vspoechlarn.ac.at/wordpress/pk14b017/'><img loading="lazy" decoding="async" width="900" height="677" src="https://vspoechlarn.ac.at/wordpress/wp-content/uploads/2019/12/PK14B017-1024x770.jpg" class="attachment-large size-large" alt="" srcset="https://vspoechlarn.ac.at/wordpress/wp-content/uploads/2019/12/PK14B017-1024x770.jpg 1024w, https://vspoechlarn.ac.at/wordpress/wp-content/uploads/2019/12/PK14B017-350x263.jpg 350w, https://vspoechlarn.ac.at/wordpress/wp-content/uploads/2019/12/PK14B017-1536x1155.jpg 1536w, https://vspoechlarn.ac.at/wordpress/wp-content/uploads/2019/12/PK14B017-2048x1540.jpg 2048w, https://vspoechlarn.ac.at/wordpress/wp-content/uploads/2019/12/PK14B017-scaled.jpg 1436w" sizes="auto, (max-width: 900px) 100vw, 900px" /></a>            </div>
        </div>
    
</div>
<hr />
<h1>3a</h1>
<p>Klassenlehrerin: vVL Erna Mayrhofer</p>
<p>Integrationslehrerin: vSL Brigitte Köck</p>
<p>20 SchülerInnen</p>
<div id="gallery_2511_5" class="row">
	    	<div id="2511-image-2738" class="col-xs-12 col-sm-4 col-md-4">
        					
			<div class="thumbnail">
        					
				<a href='https://vspoechlarn.ac.at/wordpress/pk13b005/'><img loading="lazy" decoding="async" width="900" height="678" src="https://vspoechlarn.ac.at/wordpress/wp-content/uploads/2019/12/PK13B005-1024x771.jpg" class="attachment-large size-large" alt="" srcset="https://vspoechlarn.ac.at/wordpress/wp-content/uploads/2019/12/PK13B005-1024x771.jpg 1024w, https://vspoechlarn.ac.at/wordpress/wp-content/uploads/2019/12/PK13B005-350x264.jpg 350w, https://vspoechlarn.ac.at/wordpress/wp-content/uploads/2019/12/PK13B005-1536x1156.jpg 1536w, https://vspoechlarn.ac.at/wordpress/wp-content/uploads/2019/12/PK13B005-2048x1542.jpg 2048w, https://vspoechlarn.ac.at/wordpress/wp-content/uploads/2019/12/PK13B005-scaled.jpg 1435w" sizes="auto, (max-width: 900px) 100vw, 900px" /></a>            </div>
        </div>
    
</div>
<hr />
<h1>3b</h1>
<p>Klassenlehrerin: vOL Regina Eder</p>
<p>18 SchülerInnen</p>
<div id="gallery_2511_6" class="row">
	    	<div id="2511-image-2729" class="col-xs-12 col-sm-4 col-md-4">
        					
			<div class="thumbnail">
        					
				<a href='https://vspoechlarn.ac.at/wordpress/2019-20/pk09b009/'><img loading="lazy" decoding="async" width="900" height="678" src="https://vspoechlarn.ac.at/wordpress/wp-content/uploads/2019/12/PK09B009-1024x771.jpg" class="attachment-large size-large" alt="" srcset="https://vspoechlarn.ac.at/wordpress/wp-content/uploads/2019/12/PK09B009-1024x771.jpg 1024w, https://vspoechlarn.ac.at/wordpress/wp-content/uploads/2019/12/PK09B009-350x263.jpg 350w, https://vspoechlarn.ac.at/wordpress/wp-content/uploads/2019/12/PK09B009-1536x1156.jpg 1536w, https://vspoechlarn.ac.at/wordpress/wp-content/uploads/2019/12/PK09B009-2048x1541.jpg 2048w, https://vspoechlarn.ac.at/wordpress/wp-content/uploads/2019/12/PK09B009-scaled.jpg 1436w" sizes="auto, (max-width: 900px) 100vw, 900px" /></a>            </div>
        </div>
    
</div>
<hr />
<h1>4ab</h1>
<p>Klassenlehrerinnen: vOL Birgit Rausch und vVL Maria Steinberger</p>
<p>28 SchülerInnen</p>
<div id="gallery_2511_7" class="row">
	    	<div id="2511-image-2730" class="col-xs-12 col-sm-4 col-md-4">
        					
			<div class="thumbnail">
        					
				<a href='https://vspoechlarn.ac.at/wordpress/pk10b005/'><img loading="lazy" decoding="async" width="900" height="677" src="https://vspoechlarn.ac.at/wordpress/wp-content/uploads/2019/12/PK10B005-1024x770.jpg" class="attachment-large size-large" alt="" srcset="https://vspoechlarn.ac.at/wordpress/wp-content/uploads/2019/12/PK10B005-1024x770.jpg 1024w, https://vspoechlarn.ac.at/wordpress/wp-content/uploads/2019/12/PK10B005-350x263.jpg 350w, https://vspoechlarn.ac.at/wordpress/wp-content/uploads/2019/12/PK10B005-1536x1155.jpg 1536w, https://vspoechlarn.ac.at/wordpress/wp-content/uploads/2019/12/PK10B005-2048x1540.jpg 2048w, https://vspoechlarn.ac.at/wordpress/wp-content/uploads/2019/12/PK10B005-scaled.jpg 1436w" sizes="auto, (max-width: 900px) 100vw, 900px" /></a>            </div>
        </div>
    
</div>

<p>1 a Klassenlehrerin: VOL Elisabeth Atzmüller Lehrerin: vVL Christina Crepaz (integrative Vorschulgruppe) 20 SchülerInnen 1b Klassenlehrerin: vVL Beatrix Haberhauer Lehrerin: vVL Christina Crepaz (integrative Vorschulgruppe) 20 SchülerInnen 2a Klassenlehrerin: vOL [&hellip;]</p>
